{"id":742,"date":"2024-10-14T00:19:35","date_gmt":"2024-10-14T03:19:35","guid":{"rendered":"https:\/\/epra.ufc.br\/?page_id=742"},"modified":"2025-07-17T22:49:44","modified_gmt":"2025-07-18T01:49:44","slug":"ano-2024","status":"publish","type":"page","link":"https:\/\/epra.ufc.br\/index.php\/ano-2024\/","title":{"rendered":"Ano 2024"},"content":{"rendered":"\t\t<div data-elementor-type=\"wp-page\" data-elementor-id=\"742\" class=\"elementor elementor-742\" data-elementor-settings=\"[]\">\n\t\t\t\t\t\t<div class=\"elementor-inner\">\n\t\t\t\t\t\t\t<div class=\"elementor-section-wrap\">\n\t\t\t\t\t\t\t<section class=\"elementor-element elementor-element-c5c189d elementor-section-boxed elementor-section-height-default elementor-section-height-default elementor-section elementor-top-section\" data-id=\"c5c189d\" data-element_type=\"section\">\n\t\t\t\t\t\t<div class=\"elementor-container elementor-column-gap-default\">\n\t\t\t\t\t\t\t<div class=\"elementor-row\">\n\t\t\t\t\t<div class=\"elementor-element elementor-element-2dd777c elementor-column elementor-col-100 elementor-top-column\" data-id=\"2dd777c\" data-element_type=\"column\">\n\t\t\t<div class=\"elementor-column-wrap elementor-element-populated\">\n\t\t\t\t\t\t\t<div class=\"elementor-widget-wrap\">\n\t\t\t\t\t\t<div class=\"elementor-element elementor-element-7ee8716 elementor-widget elementor-widget-heading\" data-id=\"7ee8716\" data-element_type=\"widget\" data-widget_type=\"heading.default\">\n\t\t\t\t<div class=\"elementor-widget-container\">\n\t\t\t<h2 class=\"elementor-heading-title elementor-size-default\">Ano 2024<\/h2>\t\t<\/div>\n\t\t\t\t<\/div>\n\t\t\t\t<div class=\"elementor-element elementor-element-6c21ac6 elementor-widget-divider--view-line elementor-widget elementor-widget-divider\" data-id=\"6c21ac6\" data-element_type=\"widget\" data-widget_type=\"divider.default\">\n\t\t\t\t<div class=\"elementor-widget-container\">\n\t\t\t\t\t<div class=\"elementor-divider\">\n\t\t\t<span class=\"elementor-divider-separator\">\n\t\t\t\t\t\t<\/span>\n\t\t<\/div>\n\t\t\t\t<\/div>\n\t\t\t\t<\/div>\n\t\t\t\t\t\t<\/div>\n\t\t\t\t\t<\/div>\n\t\t<\/div>\n\t\t\t\t\t\t\t\t<\/div>\n\t\t\t\t\t<\/div>\n\t\t<\/section>\n\t\t\t\t<section class=\"elementor-element elementor-element-01112ec elementor-section-boxed elementor-section-height-default elementor-section-height-default elementor-section elementor-top-section\" data-id=\"01112ec\" data-element_type=\"section\" data-settings=\"{&quot;background_background&quot;:&quot;classic&quot;}\">\n\t\t\t\t\t\t<div class=\"elementor-container elementor-column-gap-default\">\n\t\t\t\t\t\t\t<div class=\"elementor-row\">\n\t\t\t\t\t<div class=\"elementor-element elementor-element-d5a6f2d elementor-column elementor-col-50 elementor-top-column\" data-id=\"d5a6f2d\" data-element_type=\"column\">\n\t\t\t<div class=\"elementor-column-wrap elementor-element-populated\">\n\t\t\t\t\t\t\t<div class=\"elementor-widget-wrap\">\n\t\t\t\t\t\t<div class=\"elementor-element elementor-element-689c127 elementor-widget elementor-widget-image\" data-id=\"689c127\" data-element_type=\"widget\" data-widget_type=\"image.default\">\n\t\t\t\t<div class=\"elementor-widget-container\">\n\t\t\t\t\t<div class=\"elementor-image\">\n\t\t\t\t\t\t\t\t\t\t<img loading=\"lazy\" decoding=\"async\" width=\"1024\" height=\"768\" src=\"https:\/\/epra.ufc.br\/wp-content\/uploads\/20240626_195515-1024x768.jpg\" class=\"attachment-large size-large\" alt=\"\" srcset=\"https:\/\/epra.ufc.br\/wp-content\/uploads\/20240626_195515-1024x768.jpg 1024w, https:\/\/epra.ufc.br\/wp-content\/uploads\/20240626_195515-300x225.jpg 300w, https:\/\/epra.ufc.br\/wp-content\/uploads\/20240626_195515-768x576.jpg 768w, https:\/\/epra.ufc.br\/wp-content\/uploads\/20240626_195515-1536x1152.jpg 1536w, https:\/\/epra.ufc.br\/wp-content\/uploads\/20240626_195515-2048x1536.jpg 2048w\" sizes=\"(max-width: 1024px) 100vw, 1024px\" \/>\t\t\t\t\t\t\t\t\t\t\t<\/div>\n\t\t\t\t<\/div>\n\t\t\t\t<\/div>\n\t\t\t\t\t\t<\/div>\n\t\t\t\t\t<\/div>\n\t\t<\/div>\n\t\t\t\t<div class=\"elementor-element elementor-element-01472aa elementor-column elementor-col-50 elementor-top-column\" data-id=\"01472aa\" data-element_type=\"column\" data-settings=\"{&quot;background_background&quot;:&quot;classic&quot;}\">\n\t\t\t<div class=\"elementor-column-wrap elementor-element-populated\">\n\t\t\t\t\t\t\t<div class=\"elementor-widget-wrap\">\n\t\t\t\t\t\t<div class=\"elementor-element elementor-element-55c5e1b elementor-widget elementor-widget-heading\" data-id=\"55c5e1b\" data-element_type=\"widget\" data-widget_type=\"heading.default\">\n\t\t\t\t<div class=\"elementor-widget-container\">\n\t\t\t<h5 class=\"elementor-heading-title elementor-size-default\">INTRODU\u00c7\u00c3O<\/h5>\t\t<\/div>\n\t\t\t\t<\/div>\n\t\t\t\t<div class=\"elementor-element elementor-element-3e3e603 elementor-widget elementor-widget-text-editor\" data-id=\"3e3e603\" data-element_type=\"widget\" data-widget_type=\"text-editor.default\">\n\t\t\t\t<div class=\"elementor-widget-container\">\n\t\t\t\t\t<div class=\"elementor-text-editor elementor-clearfix\"><div class=\"flex-shrink-0 flex flex-col relative items-end\"><div><div class=\"pt-0\"><div class=\"gizmo-bot-avatar flex h-8 w-8 items-center justify-center overflow-hidden rounded-full\"><div class=\"relative p-1 rounded-sm flex items-center justify-center bg-token-main-surface-primary text-token-text-primary h-8 w-8\">Em 2024, devido ao aumento no n\u00famero de alunos, nosso projeto foi expandido para duas turmas. Nossa equipe deste ano foi formada por Armando Vin\u00edcius, Maria Eduarda, Jo\u00e3o Lucas, Ana Emily, Lucas Dantas e Henrique Almeida.<\/div><\/div><\/div><\/div><\/div><\/div>\n\t\t\t\t<\/div>\n\t\t\t\t<\/div>\n\t\t\t\t<div class=\"elementor-element elementor-element-1609d6f elementor-widget elementor-widget-text-editor\" data-id=\"1609d6f\" data-element_type=\"widget\" data-widget_type=\"text-editor.default\">\n\t\t\t\t<div class=\"elementor-widget-container\">\n\t\t\t\t\t<div class=\"elementor-text-editor elementor-clearfix\"><div class=\"flex-shrink-0 flex flex-col relative items-end\"><div><div class=\"pt-0\"><div class=\"gizmo-bot-avatar flex h-8 w-8 items-center justify-center overflow-hidden rounded-full\">O interesse dos alunos do ensino m\u00e9dio em participar dos cursos oferecidos tem crescido a cada ano, resultado do excelente trabalho de divulga\u00e7\u00e3o e aprimoramento da metodologia de ensino realizado pela equipe do EPRA.<\/div><\/div><\/div><\/div><\/div>\n\t\t\t\t<\/div>\n\t\t\t\t<\/div>\n\t\t\t\t\t\t<\/div>\n\t\t\t\t\t<\/div>\n\t\t<\/div>\n\t\t\t\t\t\t\t\t<\/div>\n\t\t\t\t\t<\/div>\n\t\t<\/section>\n\t\t\t\t<section class=\"elementor-element elementor-element-3e76936 elementor-section-boxed elementor-section-height-default elementor-section-height-default elementor-section elementor-top-section\" data-id=\"3e76936\" data-element_type=\"section\" data-settings=\"{&quot;background_background&quot;:&quot;classic&quot;}\">\n\t\t\t\t\t\t<div class=\"elementor-container elementor-column-gap-default\">\n\t\t\t\t\t\t\t<div class=\"elementor-row\">\n\t\t\t\t\t<div class=\"elementor-element elementor-element-38f8255 elementor-column elementor-col-50 elementor-top-column\" data-id=\"38f8255\" data-element_type=\"column\" data-settings=\"{&quot;background_background&quot;:&quot;classic&quot;}\">\n\t\t\t<div class=\"elementor-column-wrap elementor-element-populated\">\n\t\t\t\t\t\t\t<div class=\"elementor-widget-wrap\">\n\t\t\t\t\t\t<div class=\"elementor-element elementor-element-d438a95 elementor-widget elementor-widget-heading\" data-id=\"d438a95\" data-element_type=\"widget\" data-widget_type=\"heading.default\">\n\t\t\t\t<div class=\"elementor-widget-container\">\n\t\t\t<h5 class=\"elementor-heading-title elementor-size-default\">CURSOs<\/h5>\t\t<\/div>\n\t\t\t\t<\/div>\n\t\t\t\t<div class=\"elementor-element elementor-element-1b1429e elementor-widget elementor-widget-text-editor\" data-id=\"1b1429e\" data-element_type=\"widget\" data-widget_type=\"text-editor.default\">\n\t\t\t\t<div class=\"elementor-widget-container\">\n\t\t\t\t\t<div class=\"elementor-text-editor elementor-clearfix\"><p>O projeto iniciou o ano com dois cursos: Programa\u00e7\u00e3o e Introdu\u00e7\u00e3o \u00e0 Rob\u00f3tica. Para este ano, foram utilizados kits de programa\u00e7\u00e3o com Lego, facilitando a introdu\u00e7\u00e3o dos alunos ao conte\u00fado. As aulas aconteceram de segunda a quinta-feira nos laborat\u00f3rios da UFC, espa\u00e7os totalmente equipados para atender os mais de 50 alunos do ensino m\u00e9dio que se inscreveram.<\/p><\/div>\n\t\t\t\t<\/div>\n\t\t\t\t<\/div>\n\t\t\t\t\t\t<\/div>\n\t\t\t\t\t<\/div>\n\t\t<\/div>\n\t\t\t\t<div class=\"elementor-element elementor-element-d7ab0ce elementor-column elementor-col-50 elementor-top-column\" data-id=\"d7ab0ce\" data-element_type=\"column\">\n\t\t\t<div class=\"elementor-column-wrap elementor-element-populated\">\n\t\t\t\t\t\t\t<div class=\"elementor-widget-wrap\">\n\t\t\t\t\t\t<div class=\"elementor-element elementor-element-460b235 elementor-widget elementor-widget-image\" data-id=\"460b235\" data-element_type=\"widget\" data-widget_type=\"image.default\">\n\t\t\t\t<div class=\"elementor-widget-container\">\n\t\t\t\t\t<div class=\"elementor-image\">\n\t\t\t\t\t\t\t\t\t\t<img loading=\"lazy\" decoding=\"async\" width=\"1024\" height=\"510\" src=\"https:\/\/epra.ufc.br\/wp-content\/uploads\/20240626_184538-scaled-e1728878980479-1024x510.jpg\" class=\"attachment-large size-large\" alt=\"\" srcset=\"https:\/\/epra.ufc.br\/wp-content\/uploads\/20240626_184538-scaled-e1728878980479-1024x510.jpg 1024w, https:\/\/epra.ufc.br\/wp-content\/uploads\/20240626_184538-scaled-e1728878980479-300x149.jpg 300w, https:\/\/epra.ufc.br\/wp-content\/uploads\/20240626_184538-scaled-e1728878980479-768x383.jpg 768w, https:\/\/epra.ufc.br\/wp-content\/uploads\/20240626_184538-scaled-e1728878980479-1536x765.jpg 1536w, https:\/\/epra.ufc.br\/wp-content\/uploads\/20240626_184538-scaled-e1728878980479-2048x1020.jpg 2048w\" sizes=\"(max-width: 1024px) 100vw, 1024px\" \/>\t\t\t\t\t\t\t\t\t\t\t<\/div>\n\t\t\t\t<\/div>\n\t\t\t\t<\/div>\n\t\t\t\t\t\t<\/div>\n\t\t\t\t\t<\/div>\n\t\t<\/div>\n\t\t\t\t\t\t\t\t<\/div>\n\t\t\t\t\t<\/div>\n\t\t<\/section>\n\t\t\t\t<section class=\"elementor-element elementor-element-ab7408d elementor-section-boxed elementor-section-height-default elementor-section-height-default elementor-section elementor-top-section\" data-id=\"ab7408d\" data-element_type=\"section\" data-settings=\"{&quot;background_background&quot;:&quot;classic&quot;}\">\n\t\t\t\t\t\t<div class=\"elementor-container elementor-column-gap-default\">\n\t\t\t\t\t\t\t<div class=\"elementor-row\">\n\t\t\t\t\t<div class=\"elementor-element elementor-element-228b8f8 elementor-column elementor-col-100 elementor-top-column\" data-id=\"228b8f8\" data-element_type=\"column\">\n\t\t\t<div class=\"elementor-column-wrap elementor-element-populated\">\n\t\t\t\t\t\t\t<div class=\"elementor-widget-wrap\">\n\t\t\t\t\t\t<div class=\"elementor-element elementor-element-355c9a7 elementor-widget elementor-widget-heading\" data-id=\"355c9a7\" data-element_type=\"widget\" data-widget_type=\"heading.default\">\n\t\t\t\t<div class=\"elementor-widget-container\">\n\t\t\t<h1 class=\"elementor-heading-title elementor-size-xxl\">\"<\/h1>\t\t<\/div>\n\t\t\t\t<\/div>\n\t\t\t\t<div class=\"elementor-element elementor-element-db4b72d elementor-widget elementor-widget-text-editor\" data-id=\"db4b72d\" data-element_type=\"widget\" data-widget_type=\"text-editor.default\">\n\t\t\t\t<div class=\"elementor-widget-container\">\n\t\t\t\t\t<div class=\"elementor-text-editor elementor-clearfix\"><div class=\"flex-shrink-0 flex flex-col relative items-end\">\n<div>\n<div class=\"pt-0\">\n<div class=\"gizmo-bot-avatar flex h-8 w-8 items-center justify-center overflow-hidden rounded-full\">\n<div class=\"relative p-1 rounded-sm flex items-center justify-center bg-token-main-surface-primary text-token-text-primary h-8 w-8\">&nbsp;<\/div>\n<\/div>\n<\/div>\n<\/div>\n<\/div>\n<div class=\"group\/conversation-turn relative flex w-full min-w-0 flex-col agent-turn\">\n<div class=\"flex-col gap-1 md:gap-3\">\n<div class=\"flex max-w-full flex-col flex-grow\">\n<div class=\"min-h-8 text-message flex w-full flex-col items-end gap-2 whitespace-normal break-words [.text-message+&amp;]:mt-5\" dir=\"auto\" data-message-author-role=\"assistant\" data-message-id=\"be4fe8e5-5ee6-4c09-a757-4a22796b4e09\" data-message-model-slug=\"gpt-4o\">\n<div class=\"flex w-full flex-col gap-1 empty:hidden first:pt-[3px]\">\n<div class=\"markdown prose w-full break-words dark:prose-invert dark\">\n<p><span style=\"font-size: inherit; text-align: inherit;\">Participar do EPRA em 2024 foi uma experi\u00eancia inovadora e gratificante. Ensinar Arduino e o funcionamento dos kits Lego para alunos do ensino m\u00e9dio permitiu que muitos despertassem o interesse pela tecnologia. A introdu\u00e7\u00e3o \u00e0 programa\u00e7\u00e3o nesse n\u00edvel \u00e9 essencial, pois amplia as chances de os alunos seguirem carreiras na \u00e1rea. Foi incr\u00edvel ver alguns decidirem tentar cursos na UFC, motivados pelas aulas din\u00e2micas e interativas.<\/span><\/p>\n<p>Al\u00e9m de ensinar programa\u00e7\u00e3o, foi enriquecedor compartilhar conhecimento e acompanhar o desenvolvimento dos alunos ao longo do curso. O projeto proporciona aprendizado t\u00e9cnico tanto para os estudantes quanto para quem ensina.<\/p>\n<\/div>\n<\/div>\n<\/div>\n<\/div>\n<\/div>\n<\/div><\/div>\n\t\t\t\t<\/div>\n\t\t\t\t<\/div>\n\t\t\t\t<div class=\"elementor-element elementor-element-f16ccf9 elementor-widget elementor-widget-heading\" data-id=\"f16ccf9\" data-element_type=\"widget\" data-widget_type=\"heading.default\">\n\t\t\t\t<div class=\"elementor-widget-container\">\n\t\t\t<h4 class=\"elementor-heading-title elementor-size-default\">Jo\u00e3o Lucas<\/h4>\t\t<\/div>\n\t\t\t\t<\/div>\n\t\t\t\t<div class=\"elementor-element elementor-element-87a8164 elementor-widget elementor-widget-text-editor\" data-id=\"87a8164\" data-element_type=\"widget\" data-widget_type=\"text-editor.default\">\n\t\t\t\t<div class=\"elementor-widget-container\">\n\t\t\t\t\t<div class=\"elementor-text-editor elementor-clearfix\"><p><span style=\"color: #808080;\">8\u00ba Semestre de Ci\u00eancia da Computa\u00e7\u00e3o<\/span><\/p><\/div>\n\t\t\t\t<\/div>\n\t\t\t\t<\/div>\n\t\t\t\t\t\t<\/div>\n\t\t\t\t\t<\/div>\n\t\t<\/div>\n\t\t\t\t\t\t\t\t<\/div>\n\t\t\t\t\t<\/div>\n\t\t<\/section>\n\t\t\t\t\t\t<\/div>\n\t\t\t\t\t\t<\/div>\n\t\t\t\t\t<\/div>\n\t\t","protected":false},"excerpt":{"rendered":"<p>Ano 2024 INTRODU\u00c7\u00c3O Em 2024, devido ao aumento no n\u00famero de alunos, nosso projeto foi expandido para duas turmas. Nossa equipe deste ano foi formada por Armando Vin\u00edcius, Maria Eduarda, Jo\u00e3o Lucas, Ana Emily, Lucas Dantas e Henrique Almeida.O interesse dos alunos do ensino m\u00e9dio em participar dos cursos oferecidos tem crescido a cada ano, [&hellip;]<\/p>\n","protected":false},"author":1,"featured_media":0,"parent":0,"menu_order":0,"comment_status":"closed","ping_status":"closed","template":"elementor_header_footer","meta":{"footnotes":""},"blocksy_meta":[],"_links":{"self":[{"href":"https:\/\/epra.ufc.br\/index.php\/wp-json\/wp\/v2\/pages\/742"}],"collection":[{"href":"https:\/\/epra.ufc.br\/index.php\/wp-json\/wp\/v2\/pages"}],"about":[{"href":"https:\/\/epra.ufc.br\/index.php\/wp-json\/wp\/v2\/types\/page"}],"author":[{"embeddable":true,"href":"https:\/\/epra.ufc.br\/index.php\/wp-json\/wp\/v2\/users\/1"}],"replies":[{"embeddable":true,"href":"https:\/\/epra.ufc.br\/index.php\/wp-json\/wp\/v2\/comments?post=742"}],"version-history":[{"count":8,"href":"https:\/\/epra.ufc.br\/index.php\/wp-json\/wp\/v2\/pages\/742\/revisions"}],"predecessor-version":[{"id":818,"href":"https:\/\/epra.ufc.br\/index.php\/wp-json\/wp\/v2\/pages\/742\/revisions\/818"}],"wp:attachment":[{"href":"https:\/\/epra.ufc.br\/index.php\/wp-json\/wp\/v2\/media?parent=742"}],"curies":[{"name":"wp","href":"https:\/\/api.w.org\/{rel}","templated":true}]}}